s of i(-18)?
5, 17
Let s(o) = -o - 3. What are the prime factors of s(-6)?
3
Let l = 11 - 6. Suppose 0*d + l*d = 20. Suppose 7*t = 2*t + 2*i + 50, -d = 2*t + 4*i. List the prime factors of t.
2
Let r(o) = -o**2 + o + 4. Let l be r(-4). Let a = l - -24. Let v = 20 - a. List the prime factors of v.
2, 3
Let q be (60/(-18))/((-4)/6). Let v = q - 2. Suppose v*c + 0*z + z - 37 = 0, -c + 9 = z. What are the prime factors of c?
2, 7
Let u be (16/(-40))/((-1)/5). Suppose -21 + 3 = -u*v. List the prime factors of v.
3
Suppose -5*w + 20 = -w. Suppose -r = 1, 2*q - 1 = -w*r + 2. What are the prime factors of q?
2
Let z be 1/4 - 35/(-20). Suppose k + 2*w = 28, 2*k - k + z = 4*w. List the prime factors of k.
2, 3
Let c = 17 + -10. Suppose f - 3*f = -6. Suppose 0 = -w + d + f*d + c, -19 = -5*w + 4*d. What are the prime factors of w?
3
Let m(n) = 4*n**2 - 5*n. Let a(v) = -5*v**2 + 6*v - 1. Let y(i) = -3*a(i) - 4*m(i). Let b be y(-2). Let g = 2 - b. What are the prime factors of g?
7
Suppose 4*t - 141 = -3*l + 670, -4*l = 5*t - 1014. List the prime factors of t.
2, 101
Suppose y - 2*y = -4*h - 28, 5*y + 5*h = 215. What are the prime factors of y?
2, 5
Suppose 3*x - 207 = -x + 3*t, -5*t - 265 = -5*x. List the prime factors of x.
2, 3
Suppose 30 = 2*q + p, p = 3*q - 3*p - 45. Suppose 3*a - 3 = q. List the prime factors of a.
2, 3
Suppose o + 4 = h - 0*o, -5*h + 11 = 4*o. Suppose 0 = h*q - 0*z - z - 93, 0 = 4*q + 5*z - 124. List the prime factors of q.
31
Let z(l) = -2*l - 4. Let k be z(-5). Let f = k - 4. Suppose 0 = -f*y - 3*m + 7, -3*m = -y - y + 1. What are the prime factors of y?
2
Suppose 0*y + 4*y = -40. Let r(a) = -2*a - 14. What are the prime factors of r(y)?
2, 3
Let y(s) = -s**3 + 8*s**2 + 9*s + 2. Let m = 29 - 20. Let u be y(m). Suppose 0 = -2*w - 3*g + 13, -10 = -u*w + w + 2*g. List the prime factors of w.
2
Let y(r) = 0 - 4*r + 1 + 0. Suppose -3*c = 5 + 1. What are the prime factors of y(c)?
3
Suppose 2*q = 4 + 4. What are the prime factors of q?
2
Let b = -25 + 52. Let z be 180/b - (-2)/(-3). Let k(w) = w**3 - 4*w**2 - 9*w + 2. What are the prime factors of k(z)?
2, 5
Suppose 0 = 3*p + 2*i - 0 - 58, 3*i = -2*p + 42. Let b = p + -3. What are the prime factors of b?
3, 5
Let r = 83 - 55. List the prime factors of r.
2, 7
Let r = 15 - -15. List the prime factors of r.
2, 3, 5
Let j(p) = 30*p - 2 + 1 - 2. Let c be j(5). List the prime factors of c/12 + (-1)/4.
2, 3
Let c(f) = -f + 23. What are the prime factors of c(17)?
2, 3
Suppose -12 = 4*q - 0*q. List the prime factors of (-320)/(-30) + 2/q.
2, 5
Let b(f) be the first derivative of f**3 + f**2/2 + 2*f - 2. Let r be b(2). Suppose -5*m + 17 + 13 = 5*y, 2*m - r = -4*y. List the prime factors of m.
2
Suppose 5*r = 5 + 5. Let y(u) = -2*u + 2. Let f(m) = 3*m - 2. Let q(b) = 5*f(b) + 4*y(b). List the prime factors of q(r).
2, 3
Suppose -5*p + 115 = 5*o, 7*o + 5 = 8*o. List the prime factors of p.
2, 3
Let v = 3 - 0. Let c be v/(3*3/90). Let q = -21 + c. List the prime factors of q.
3
Let a = 93 - 18. List the prime factors of a.
3, 5
Let z(q) = q**3 + 10*q**2 - 14*q + 11. List the prime factors of z(-11).
2, 11
Let t(g) = 5*g - 4. What are the prime factors of t(5)?
3, 7
Let k(n) = 22*n + 4. Suppose m = 4*b - 12 + 3, 21 = 5*b + 2*m. Let s be k(b). Let f = s + -49. What are the prime factors of f?
3, 7
What are the prime factors of ((4 - 62)*(-2 + -1))/1?
2, 3, 29
Suppose 4*a - 6*a + 12 = 0. Let z(n) = -n**3 + 6*n**2 + n + 2. List the prime factors of z(a).
2
Suppose -4*k + 3*m + 108 = 0, k - 2*m - 54 = -k. What are the prime factors of k?
3
Suppose -4*r - 5 = -k, 0*k = -2*r - 5*k - 19. What are the prime factors of 6*((-7)/r)/1?
3, 7
Let u be 6/9 - (-7)/3. Suppose 2*w = -4*t - 3*w + 3, 0 = 2*t + u*w - 1. What are the prime factors of t?
2
Suppose 3*v - 15 = -2*v. Suppose 5 = v*b - o - 6, 2*o = -3*b + 5. What are the prime factors of b?
3
Let s(b) = b**2 - 2*b + 5. What are the prime factors of s(4)?
13
What are the prime factors of (-128)/(-22) + 2/11?
2, 3
List the prime factors of 31 - 0/(-5 - (3 - 4)).
31
Let s = 9 + 50. Let j = -36 + s. What are the prime factors of j?
23
Let z = -4 + 33. Let g = z + -2. Let w = -15 + g. What are the prime factors of w?
2, 3
Suppose -5*f = 4 - 19. Suppose 0 = -x + f + 5. Let t = x - 6. List the prime factors of t.
2
Let h be 0 + -2 - 1 - -3. Suppose 5*i - 213 + 38 = h. What are the prime factors of i?
5, 7
Suppose 3*k + 3*t + 3 = 6*k, 0 = 2*k - t - 7. Let l(z) = -4*z. Let b be l(-4). Suppose -5*i = -b + k. What are the prime factors of i?
2
Let o = 20 + 48. List the prime factors of o.
2, 17
Let f be 1*((-4)/4 + 4). Suppose 23 = f*g - 124. List the prime factors of g.
7
Let m(o) = -2*o**3 + 2*o - 3*o + o**3. Let h be m(-1). Suppose g = -0*g + h. What are the prime factors of g?
2
Let f(q) = 3*q - 1. What are the prime factors of f(3)?
2
Suppose 169 = 5*s + 2*g, -s - 4*g + 39 = -g. List the prime factors of s.
3, 11
Let f = 34 - 32. What are the prime factors of f?
2
Let a(f) = 3*f - 3. Let r be a(2). Suppose 2*q + 10 = -r*q. List the prime factors of 5 + -3*q/3.
7
Let f = -70 + 73. Let r(k) = 2*k**2 - 2*k + 1. Let l be r(2). Suppose -x - f*x + 20 = 0, -45 = -2*g - l*x. What are the prime factors of g?
2, 5
Suppose 0 = 2*r + 5*b - 95, r - 3*b - 45 = -5*b. Let p = -49 - -82. List the prime factors of 10/r - p/(-7).
5
Let m(y) = -24*y**3 - y**2 - y. Let q be m(-1). Suppose 0 = -5*r - 4*w + 90, -3*w + 12 = -3. List the prime factors of (r/8)/(3/q).
2, 7
Suppose -2 = -3*v + 7. Suppose v*f + 5*c - 29 = 103, -132 = -3*f + c. Suppose 0 = -5*l + 3*u + f + 18, -4*l - 2*u + 54 = 0. What are the prime factors of l?
13
Let g(p) = 16*p - 6. What are the prime factors of g(3)?
2, 3, 7
Let j(i) = 2 - 5*i**2 + 2*i**2 + 6*i - i + 6*i**2. Let c(r) = -r**2 - 3*r + 7. Let l be c(-5). What are the prime factors of j(l)?
2, 7
Suppose -4*u + 4*w = -488, -2*u + w + 357 - 109 = 0. What are the prime factors of u?
2, 3, 7
Suppose 5*y - 70 = 2*t, y - 7 = -3*t + 7. Let m be (-246)/(-21) - (-4)/y. Suppose 0*p = -4*p + m. List the prime factors of p.
3
List the prime factors of 1 - 0 - -36*2.
73
Suppose 139 = 2*o - u, 4*o + o - 330 = -u. What are the prime factors of o?
67
Let y = 176 - 96. List the prime factors of y.
2, 5
Let b(t) = -7*t - 4. List the prime factors of b(-2).
2, 5
Let r(y) = -10 + 10 - 8*y. Let g be r(-3). Suppose -4*a + g = -4*f, 3*f = -a - 5 - 5. What are the prime factors of a?
2
Suppose 0 = -5*h + y - 3*y + 27, 2*y - 22 = -4*h. Suppose -h*a + 3*p + 63 = -0*p, 0 = -4*p - 4. List the prime factors of a.
2, 3
Let x = 3 - 6. Let y = -3 - x. What are the prime factors of 9 - y - (3 + -4)?
2, 5
Suppose 1 = -p - 4, -2*p = m + 117. Let g = m - -155. What are the prime factors of g?
2, 3
Let k(l) = -l + 22. List the prime factors of k(-5).
3
Let h = -46 + 32. Let n = h - -29. What are the prime factors of n?
3, 5
Suppose 0 = -3*w + 5*p + 276, -2*w + 4*p + 32 = -150. List the prime factors of w.
97
Let s be 7/((-14)/4) - 10. Suppose -3*x + 3*b + 54 = 0, 0 = 4*x + b - 30 - 42. Let q = s + x. What are the prime factors of q?
2, 3
Suppose 4*m - 44 = 20. Let d(q) = q**2 - 1. Let j be d(-2). What are the prime factors of m/j + (-4)/12?
5
Suppose g = 4*y - 28, -5*y - g + 21 = -2*y. Suppose y*a - 20 = 3*a. List the prime factors of a.
5
Let h(z) = z**3 - 17*z**2 + 17*z + 10. List the prime factors of h(16).
2, 13
Let z = -6 + 10. Suppose -5*r = -2*t - 181 + 12, 157 = 5*r + z*t. Suppose -4*b = -2*b + x - r, 5*x = b. List the prime factors of b.
3, 5
Suppose w - 1 = 6. Suppose w*z - 4*s = 4*z + 70, -2*z = -4*s - 52. What are the prime factors of z?
2, 3
Suppose 8*x + 910 = 21*x. What are the prime factors of x?
2, 5, 7
Suppose 2*p - 25 = 39. Suppose 0 = -4*z + 2*z + p. What are the prime factors of z?
2
Let i(g) = -11*g - 15. List the prime factors of i(-9).
2, 3, 7
Let g(f) = 2*f**3 - 2*f**2 + 2. Let m(s) = -s**2 - 6*s - 6. Let b be m(-4). What are the prime factors of g(b)?
2, 5
Suppose 3*i - 50 = -2*d, -5*i - 32 = -3*d + 24. Suppose 5*k = 4*k + d. List the prime factors of k.
2, 11
Let t = 138 - 24. Suppose 0 = 4*u - b - t, -5*b - 15 = -2*u + 33. Suppose -3*z = -8 + 20, -4*z = 5*m - u. List the prime factors of m.
3
Let u = -56 + 97. Let n = u + -14. List the prime factors of n.
3
Let z